) - 6*v(x). Let a be n(4). List the prime factors of ((-8)/(-3))/(4/a).
2
Let z = -75 + 80. Suppose -55 = -3*s + 5*l, -z*s - 3*l = 2*l - 25. What are the prime factors of s?
2, 5
Let d(r) = 11*r - 11. Let o(h) = -36*h + 32. Let j(c) = -16*d(c) - 5*o(c). Let a = -6 + 14. List the prime factors of j(a).
2, 3
Suppose -u - 3*l = -3 + 1, -4*l = 0. Suppose 3*d + 165 = u*b - 0*b, 381 = 5*b + 3*d. What are the prime factors of b?
2, 3, 13
Suppose 6*t = 33 - 27. Suppose -i = 22 + 2. List the prime factors of i/((-6)/8*t).
2
List the prime factors of (1/2)/((-8 + 1)/(-4326)).
3, 103
Let q = 27 - 27. List the prime factors of 3*(33/9 - q).
11
List the prime factors of (0 + -458)*(6 - 60/8).
3, 229
Let s(b) = b**2 + 19*b**2 - 20 + 9 - 4*b + 19*b**2. What are the prime factors of s(-2)?
3, 17
Let a(l) = -89*l - 393. What are the prime factors of a(-6)?
3, 47
Suppose -2*n + 17 - 9 = 0. Suppose 24 = 5*r - 4*k, -11 = -n*r + k - 6*k. Suppose -r*j - 165 = -425. What are the prime factors of j?
5, 13
Suppose 5*g - 410 - 485 = 0. Suppose 2*x - m = g, -m = -x - 4*m + 79. List the prime factors of x.
2, 11
Suppose -710 = -4*t + 5*s, -2*t + 5*t - s = 527. List the prime factors of t.
5, 7
List the prime factors of (4*(-4)/16 - 6) + 3001.
2, 3, 499
Let m be 4/14 + 2413/7. Suppose 3*p - 58 = -u + 42, -4*u - p + m = 0. Suppose -u = -3*o - z + 21, 135 = 4*o - 5*z. What are the prime factors of o?
5, 7
Let w(l) = 10*l**2 + 6*l - 3. What are the prime factors of w(3)?
3, 5, 7
Let r = -36 + 161. Suppose -9*a = -4*a - r. What are the prime factors of a?
5
Suppose -3*b + 70 = l, 5*l + 19 = -3*b + 93. Let r = -17 + b. Let c(z) = 3*z. List the prime factors of c(r).
2, 3
Let k be (-1)/8 - (-34)/16. Suppose t + k*z = -z + 50, z = -5*t + 250. What are the prime factors of t?
2, 5
Let i be -16 + 2 + 1 - 2. Let u be (i/(-9))/(1/(-27)). List the prime factors of 122/4 + u/30.
29
Suppose 6*r + 7*r = -26. What are the prime factors of 6/27 - (14082/(-54) + r)?
263
What are the prime factors of 5 + 5 + 286 + 4 + -3?
3, 11
Let g(n) = -4*n + 3. Let d be g(2). Let o be (0 + d/6)*-6. Suppose y - 5 - o = 0. List the prime factors of y.
2, 5
Suppose 0 = 3*b - 6. Suppose i = 3*r + 4*i - 6, -b*r + 10 = 5*i. Suppose r = -4*g + 37 + 31. List the prime factors of g.
17
Let u(c) = 2*c**2 + 5*c + 5. Let a be u(9). Suppose -5*m + 208 + a = 0. List the prime factors of m.
2, 3, 7
Let k(a) = a**3 - 11*a**2 - 16*a + 6. Let z be k(13). Suppose z = 3*m - 263. List the prime factors of m.
7, 19
Let l(u) = 5*u - 3. Let m be l(-2). Let r be 1*(2 + -1) + m. List the prime factors of (9/r)/(5/(-240)).
2, 3
Suppose -o = 2*p - p - 2, -2*o = 4. Suppose -5*x = d - 17, -p + 1 = d. Suppose -2*g + x*g - 8 = 0. List the prime factors of g.
2
Suppose 5*c + q = 369 + 9862, -c = -2*q - 2044. List the prime factors of c.
2, 3, 11, 31
Let v(w) be the first derivative of 0*w - 2 - 1/2*w**2 + 8*w**3. List the prime factors of v(1).
23
Let d(c) = 141*c + 559. List the prime factors of d(23).
2, 1901
Let r(b) = 6*b**3 + 5*b**2 + 2*b - 3. Let p be r(-4). Let i = -219 - p. List the prime factors of i.
2, 3
Suppose 272 - 280 = i. Suppose -3*l + l - 56 = 0. Let g = i - l. What are the prime factors of g?
2, 5
Let z = 43 + -15. Suppose 4*n = 4*b - 36, 6*b + 20 = 2*b. Let g = n + z. What are the prime factors of g?
2, 7
Suppose -35 = -21*j + 28. Suppose 0 = 2*x - d - 3*d - 336, -2*x - 4*d = -360. Suppose 0 = -g, -4*g = -0*b + j*b - x. What are the prime factors of b?
2, 29
Suppose 3*f - 3*i = -261, -2*f + 2*i - 6*i = 144. Let x be -59 + 1 + 0/3. Let z = x - f. List the prime factors of z.
2, 3
Let c = 1548 + -768. List the prime factors of c.
2, 3, 5, 13
Let s(n) = 14*n**2 - 2*n + 1. Suppose -t - 5 = -3*z + 5, -5*t = -5*z + 50. Let a = 11 + t. What are the prime factors of s(a)?
13
Let f(z) = -6*z**3 - 46*z + 28. What are the prime factors of f(-9)?
2, 7, 43
Suppose -3*t + t + 35 = -3*g, 5*g + 65 = 4*t. List the prime factors of (-3)/1 - (-73 - t).
2, 5
Suppose -5*q - 637 = -2*j - 3913, 3*q - 1950 = -4*j. What are the prime factors of q?
2, 3, 109
Suppose -4*i + 83 = -1. Let v be (i/(-6) + 1)*-2. Suppose -v*g + 28 = 3. What are the prime factors of g?
5
Let r(p) be the first derivative of -p**3/3 - 28*p + 2. Let f be r(0). What are the prime factors of (-6)/18 + f/(-3)?
3
Suppose 0 = -2*u + u - 124. Let d = u - -176. List the prime factors of d.
2, 13
Let k(i) = -15*i - 1. Let a be k(-1). Suppose -a*l + 18*l = 360. What are the prime factors of l?
2, 3, 5
Suppose p - 2*h + 6 = -2*p, p + 15 = 5*h. Suppose -3*t = -3*q - p*t - 33, 0 = 2*q + 5*t - 13. What are the prime factors of (4/q)/(10/(-345))?
23
Let q(i) = 2*i**2 - 30*i - 21. List the prime factors of q(22).
7, 41
Suppose 0 = -7*b + 1051 - 218. List the prime factors of b.
7, 17
Suppose -966 = 6*s - 2562. What are the prime factors of s?
2, 7, 19
Let o be (-1148)/(-16) + (-1)/(-4). Let h(j) = j**3 - 5*j**2 + j - 2. Let u be h(5). Suppose -u*a = a - o. List the prime factors of a.
2, 3
List the prime factors of 335 + -2*-3*(-2)/(-6).
337
Suppose 0 = -3*f + 5*v + 1715, -1896 = -4*f + 3*v + 409. What are the prime factors of f?
2, 5, 29
Let a be (-1 - 7/2)*2. Suppose 28*x = 31*x + 6. List the prime factors of (x + -1)*78/a.
2, 13
Let m(w) = -w**3 - 6*w**2 - 4*w + 7. Let n(v) = -3*v**2 + v + 1. Let u be n(-1). Let z be -6 + 1 + u/3. List the prime factors of m(z).
31
Suppose -3337 = -5*v - j, 2*j + 1951 = -5*v + 5285. Let s = v - 462. Suppose -23 = -a - 3*c + 59, -3*a + s = c. What are the prime factors of a?
67
Suppose 5*j - 10 = -5*o + 35, 2*o = j + 12. Suppose 34 = o*z - 589. What are the prime factors of z?
89
Let w = -110 + 205. Suppose 5*y = -4*k + 317, -w = -k + 2*y + 2*y. List the prime factors of k.
83
Suppose -9*i + 5*i = 4. List the prime factors of (i/1*10)/((-62)/93).
3, 5
Let b(l) be the second derivative of -5*l**3/3 - 2*l**2 + l. Let t be b(-5). Suppose -7*a + 5*a + t = 0. What are the prime factors of a?
23
Let u(n) = 41*n**2 + 1. Let d = -9 - -10. What are the prime factors of u(d)?
2, 3, 7
Suppose -3*v = -3*f + 36, -v + 5*f - 39 = v. Let k(n) = -n**2 - 8*n - 5. Let y be k(v). What are the prime factors of 4 + -8 + 26/y?
3
Suppose -3*d - 2*v = -0*v - 13, -4*d + v + 10 = 0. Suppose d*k + 5*m = 265, 3*k = -m - 0*m + 245. List the prime factors of k.
2, 5
Let p(z) = -z**2 + 9*z + 3. Let k = -2 - 10. Let w be (-12)/(k/8 + 0). What are the prime factors of p(w)?
11
Let w be 3/(-2 + (-12)/(-8)). Suppose -q + 4*q + 48 = 0. List the prime factors of 174/8*q/w.
2, 29
Let p = -88 + 54. Let f = 148 + p. Let s = f - 68. What are the prime factors of s?
2, 23
List the prime factors of (-2410)/(-15) - (-4)/12.
7, 23
Let p(j) = -2*j**2 + 3*j**2 - 9*j + 7 - 2. Let g be p(9). What are the prime factors of g + 1 + (1 - 2)?
5
Let t(l) = -5*l**3 + l**2 + l + 1. Let f = 11 - 8. Let w be ((-1)/f)/((-1)/(-3)). List the prime factors of t(w).
2, 3
Let z be (-20)/8*(-3 - 2)*-2. What are the prime factors of ((-97)/5)/((-5)/(z/(-1)))?
97
Let w be 4 + -4 + (0 + -12)/(-4). Suppose 0 = c - w*z - 62, 0 = -3*c - 6*z + 10*z + 196. What are the prime factors of c?
2, 17
Suppose 0 = -2*v - 4*z + 9 + 151, 5*v - 345 = z. What are the prime factors of v?
2, 5, 7
Let g(m) = 3*m**3 - 10*m**2 + 4*m + 9. What are the prime factors of g(5)?
2, 7, 11
Suppose 306*w - 304*w - 852 = 0. List the prime factors of w.
2, 3, 71
Let x(q) = -5*q + 4. Let k be x(-5). Suppose -2*f = -8*f. List the prime factors of (-5 - (f - 2)) + k.
2, 13
Suppose 11 = -0*q + 3*q - 4*b, -b + 13 = q. List the prime factors of 497/q + (-18)/81.
5, 11
Suppose 9*q + y - 18 = 4*q, 10 = q - 3*y. Suppose 112 = i + 5*m, 0 = 2*i + 3*i + q*m - 644. What are the prime factors of i?
2, 3, 11
Suppose -2*x = -2*g - 326 - 54, -3*x + 5*g = -578. What are the prime factors of x?
2, 3, 31
Let j = 1254 + -1067. What are the prime factors of j?
11, 17
Let g = 121 - 82. Let f(n) = -n - 1. Let p be f(-5). List the prime factors of (g*p/4)/1.
3, 13
Let d(n) = 6*n**2 + 3*n - 4. Let c(b) = -b**2 - 3*b. Let k be c(-4). Let j be d(k). Let s = j - 48. What are the prime factors of s?
2
List the prime factors of 2/(-2)*4/((-8)/1414).
7, 101
Let j = -83 + 192. What are the prime factors of j?
109
Suppose -2*n + 4*t = 6*t - 5794, -2*n + 5799 = t. What are the 